{"id":34,"date":"2021-06-06T20:40:00","date_gmt":"2021-06-06T20:40:00","guid":{"rendered":"https:\/\/najoar.dk\/?page_id=34"},"modified":"2025-03-25T12:08:27","modified_gmt":"2025-03-25T12:08:27","slug":"kontakt","status":"publish","type":"page","link":"https:\/\/najoar.dk\/index.php\/kontakt\/","title":{"rendered":"Kontaktoplysninger"},"content":{"rendered":"\n<p class=\"has-larger-font-size\"><strong> <\/strong><\/p>\n\n\n\n<div class=\"wp-block-media-text is-stacked-on-mobile alignwide\"><figure class=\"wp-block-media-text__media\"><img loading=\"lazy\" decoding=\"async\" width=\"614\" height=\"409\" src=\"http:\/\/najoar.dk\/wp-content\/uploads\/2022\/10\/Horisont-4.jpg\" alt=\"\" class=\"wp-image-426 size-full\" srcset=\"https:\/\/najoar.dk\/wp-content\/uploads\/2022\/10\/Horisont-4.jpg 614w, https:\/\/najoar.dk\/wp-content\/uploads\/2022\/10\/Horisont-4-300x200.jpg 300w, https:\/\/najoar.dk\/wp-content\/uploads\/2022\/10\/Horisont-4-100x67.jpg 100w, https:\/\/najoar.dk\/wp-content\/uploads\/2022\/10\/Horisont-4-150x100.jpg 150w, https:\/\/najoar.dk\/wp-content\/uploads\/2022\/10\/Horisont-4-200x133.jpg 200w, https:\/\/najoar.dk\/wp-content\/uploads\/2022\/10\/Horisont-4-450x300.jpg 450w, https:\/\/najoar.dk\/wp-content\/uploads\/2022\/10\/Horisont-4-600x400.jpg 600w\" sizes=\"auto, (max-width: 614px) 100vw, 614px\" \/><\/figure><div class=\"wp-block-media-text__content\">\n<p class=\"has-small-font-size\">Er du interesseret i samarbejde eller har sp\u00f8rgsm\u00e5l  \u2013 s\u00e5 er du meget velkommen til at kontakte mig. Jeg er ogs\u00e5 \u00e5ben for kaffem\u00f8der og uformel sparring om id\u00e9er og muligheder.<\/p>\n\n\n\n<div style=\"height:14px\" aria-hidden=\"true\" class=\"wp-block-spacer\"><\/div>\n\n\n\n<p class=\"has-small-font-size\">\u2709\ufe0f <strong>Mail:<\/strong> <a>nadii-8@hotmail.com<\/a><\/p>\n\n\n\n<p class=\"has-small-font-size\"><br>\ud83d\udd17 <strong>LinkedIn:<\/strong> <a href=\"https:\/\/www.linkedin.com\/in\/nadja-arpe\">linkedin.com\/in\/nadja-arpe<\/a><\/p>\n<\/div><\/div>\n\n\n<p><!-- \/wp:post-content --><\/p>\n<p><!-- wp:columns --><\/p>\n<div class=\"wp-block-columns\"><!-- wp:column --><\/p>\n<div class=\"wp-block-column\"><\/div>\n<p><!-- \/wp:column --><\/p>\n<p><!-- wp:column --><\/p>\n<div class=\"wp-block-column\"><\/div>\n<p><!-- \/wp:column --><\/p>\n<\/div>\n<p><!-- \/wp:columns --><\/p>\n\n<!-- wp:paragraph -->\n<p><\/p>\n<!-- \/wp:paragraph -->","protected":false},"excerpt":{"rendered":"","protected":false},"author":1,"featured_media":0,"parent":0,"menu_order":0,"comment_status":"closed","ping_status":"closed","template":"","meta":{"footnotes":""},"class_list":["post-34","page","type-page","status-publish","hentry"],"_links":{"self":[{"href":"https:\/\/najoar.dk\/index.php\/wp-json\/wp\/v2\/pages\/34","targetHints":{"allow":["GET"]}}],"collection":[{"href":"https:\/\/najoar.dk\/index.php\/wp-json\/wp\/v2\/pages"}],"about":[{"href":"https:\/\/najoar.dk\/index.php\/wp-json\/wp\/v2\/types\/page"}],"author":[{"embeddable":true,"href":"https:\/\/najoar.dk\/index.php\/wp-json\/wp\/v2\/users\/1"}],"replies":[{"embeddable":true,"href":"https:\/\/najoar.dk\/index.php\/wp-json\/wp\/v2\/comments?post=34"}],"version-history":[{"count":32,"href":"https:\/\/najoar.dk\/index.php\/wp-json\/wp\/v2\/pages\/34\/revisions"}],"predecessor-version":[{"id":662,"href":"https:\/\/najoar.dk\/index.php\/wp-json\/wp\/v2\/pages\/34\/revisions\/662"}],"wp:attachment":[{"href":"https:\/\/najoar.dk\/index.php\/wp-json\/wp\/v2\/media?parent=34"}],"curies":[{"name":"wp","href":"https:\/\/api.w.org\/{rel}","templated":true}]}}